hat are the prime factors of v?
2, 3, 11
Suppose -54 = -4*d - 38, -2*m + 40024 = -d. List the prime factors of m.
2, 10007
Let d = 2686 - 1018. List the prime factors of d.
2, 3, 139
Suppose 0 = 5*a - 0*a - n - 9573, 3*n = -9. Suppose -17*f - a = -20*f - 3*g, 6 = -2*g. List the prime factors of f.
641
Let s(o) = -o**2 + 15*o - 20. Suppose 0 = -5*z - 2*w + 22, 2*w = 5*z + 3*w - 21. Suppose z*c = 19 + 21. What are the prime factors of s(c)?
2, 3, 5
Let q be 2 - (3 - 6 - -1). Let f be (-12*(-3 - 5))/(4/18). Suppose -f + 56 = -q*g. What are the prime factors of g?
2, 47
Let f(p) = 52*p + 23. Let h be f(-8). Let w be (h/(-2))/(30/40). Let x = w + -55. What are the prime factors of x?
3, 23
Let g(f) = -f**3 - 18*f**2 - 33*f + 21. Let u be g(-16). Suppose v - u = -29. Suppose -2*b - v*b = -320. What are the prime factors of b?
2
Suppose -j + 15 = 2*x, -5 - 10 = -4*x + j. Suppose -446 = 2*u - 4*u. Suppose x*q - 187 = u. List the prime factors of q.
2, 41
Suppose 6 = -6*l + 8*l. Let o be (56/l)/(1/18). Suppose 7*m - o = 3*m. List the prime factors of m.
2, 3, 7
Let p(z) = 431*z**2 + 52*z - 177. What are the prime factors of p(8)?
27823
Suppose 79*f - 102609 = 76*f. List the prime factors of f.
3, 13, 877
List the prime factors of -2 + -9 + 6 + (280308/3)/4.
2, 11677
Let g be 115/(-92) + -2 + (-34947)/(-12). Suppose 0 = -9*n + g + 475. List the prime factors of n.
2, 47
Let i = -616 - -618. Suppose -1448 = -i*p + 12*j - 7*j, -2*p - 5*j + 1408 = 0. List the prime factors of p.
2, 3, 7, 17
Let u(o) = 2*o**2 - 19*o + 23. Let f be u(18). Let t = f + -108. What are the prime factors of 4607/t - (-4)/26?
3, 7
Suppose 5*d - 7*d + 58 = 0. Let h = d + -27. What are the prime factors of (h + -104)*(-4)/3?
2, 17
Let w(n) = -2*n**3 + 2*n**2 - 2*n + 2. Suppose -2*f = -5*c - 5*f + 144, -f = -3*c + 92. Let r = 27 - c. List the prime factors of w(r).
2, 5
Let g(a) = -a**3 + 24*a**2 - 42*a - 41. Let v be g(22). Suppose -d - v*m + 982 = -0*m, 3*d - 2906 = -m. List the prime factors of d.
967
Let f(u) = 61*u**2 + 37*u + 74. What are the prime factors of f(9)?
2, 7, 191
Let b(p) = -p**3 + 5*p**2 + 6*p. Let t be b(6). Suppose 10*v - 3*v + 1106 = t. Let a = v + 238. What are the prime factors of a?
2, 5
Let y = -30 + 35. Suppose j = -y*k - 2*j + 1247, 4*j = -5*k + 1251. Let m = 453 - k. What are the prime factors of m?
2, 103
Let m = -84 + 86. Suppose -m*y + 2349 = 457. List the prime factors of y.
2, 11, 43
Let o(t) = 9*t - 7*t + t - 13 + 50*t**2 + t. Let h be o(2). Let j = -81 + h. List the prime factors of j.
2, 3, 19
Let s(o) = -6*o**3 - 47*o**2 - 459*o. List the prime factors of s(-14).
2, 7, 977
Let d be (-105)/(-42)*6/(-5) + 14178. Suppose -188*g + d = -179*g. What are the prime factors of g?
3, 5, 7
Let n = 6902 + 247. List the prime factors of n.
3, 2383
Let v(r) = 20*r**2 - 12*r + 28. Suppose 0 = 5*d - 2*a - 16, 14 = 5*d - 3*a - 0. What are the prime factors of v(d)?
2, 3, 5
Suppose -192485 - 251741 = -47*b + 148397. List the prime factors of b.
3, 467
Let f be -3*3*18/(-27). Suppose -2*u + f = r, 0*u + 2*u = -3*r + 18. Suppose -r*d = -8*d + 3*s + 377, -2*d = 5*s - 417. What are the prime factors of d?
2, 7
Let h(a) = 21472*a - 231. What are the prime factors of h(1)?
11, 1931
Let a(q) = 4*q + 38*q**2 + 7 + 27*q**2 + q**3 - 55*q**2. What are the prime factors of a(6)?
607
Suppose -4*i - 4*h = 512, -2*i + 148 = -3*i + 4*h. List the prime factors of i/9*(-222)/8.
11, 37
Let y = 4 + 8. Suppose 3*j + y = 0, -57 = -5*h + 4*j - 16. Suppose -h*s = -5, -2*r = s - 0*s - 75. List the prime factors of r.
37
Suppose 0 = -22*k + 14 + 140. Suppose -8712 + 2965 = -k*o. List the prime factors of o.
821
Suppose 5*w + 2875 = -5*c + 26585, 3*c = 5*w - 23686. What are the prime factors of w?
7, 677
Suppose 0 = -33*z + 69*z + 145*z - 2480605. List the prime factors of z.
5, 2741
Suppose 7 = 4*d + 2*z - 7, -4*z = -d + 17. Suppose -5*p + d*x + 15 = 0, -5*x - 19 = 2*p + 3. Let w = 35 + p. What are the prime factors of w?
2, 17
Let w = 25 - 27. Let h be w/(-4) + (-699)/(-6) - 0. Suppose 139 + h = 4*a. What are the prime factors of a?
2
Let z(y) = 42*y**2 - 29*y + 180. List the prime factors of z(9).
3, 41
Suppose -4*h = -179 + 31. Suppose 5*v - 3*c = -4 + 30, -4*v + h = 3*c. Suppose v*n + 148 = 9*n. What are the prime factors of n?
2, 37
Let j be -1 + 1 - 2*-5. Suppose 0 = 155*f - 44706 + 66. Suppose 12*r - j*r = f. List the prime factors of r.
2, 3
Let c be (-1 + 31)*(-42)/(-84). Suppose 411 = 2*x + c. What are the prime factors of x?
2, 3, 11
Suppose 51 = 3*z + 14*z. Let m(g) = 43*g**2 - 154 + 157 + 145*g**2 + 31*g**2 + z*g. What are the prime factors of m(-1)?
3, 73
Let r(v) = 74*v + 124. Suppose 0 = -2*y + 24*y - 418. List the prime factors of r(y).
2, 3, 5, 17
Suppose 42 + 3 = 3*p. What are the prime factors of 4227/15 + p/75?
2, 3, 47
Let a(u) = 21*u**3 - 11*u**2 - 15*u - 3. What are the prime factors of a(7)?
2, 11, 149
Suppose 3*j - 3729 = 3*c, 0 = -j - 10*c + 13*c + 1249. Let x = 2598 - j. List the prime factors of x.
2, 7, 97
Let z(m) = -141*m**3 - 4*m**2 - m + 4. What are the prime factors of z(-2)?
2, 13, 43
Let h = -30 - 38. Let u = -66 - h. Suppose -u*r + r = -181. List the prime factors of r.
181
Let r(u) = u + 133. Let w be r(-10). Suppose -139*c = -w*c - 8272. List the prime factors of c.
11, 47
Suppose 2*h = 3*l + 27237, -8*l + 3*l - 45379 = 2*h. Let p be 4/14 - l/7. Suppose 12*m - q = 17*m - p, 0 = 2*q - 4. What are the prime factors of m?
7, 37
Let x(l) = l**2 + l - 14. Let s be 2358/(-72) - 1/4. Let p be 24 + s + -1 + 0/2. What are the prime factors of x(p)?
2, 19
Let b = 270 - 265. Suppose 0 = -k - b*k + 3636. List the prime factors of k.
2, 3, 101
Suppose -32389 = 10*g - 20*g + 247001. What are the prime factors of g?
3, 67, 139
Let v(x) = -x**3 - 15*x**2 - 16*x + 21. Let k be v(-9). What are the prime factors of (-2*k/(-2))/(104/(-312))?
3, 107
Let n = 78 + -21. Let m = -11 + n. Suppose p - m - 17 = 0. List the prime factors of p.
3, 7
Let f(w) = 35*w**2 - 2. Let y(g) = 2*g**2 + 0*g - 22*g + 11 + 3*g. Let m be y(9). List the prime factors of f(m).
2, 3, 23
What are the prime factors of 384/(-7872) + (-1179449)/(-41)?
3, 43, 223
Let g be 247/(-3)*((-4 - -3) + -2). Let s = g - 59. List the prime factors of s.
2, 47
Let t(q) = 22*q**2. Let v be -4 + 0 + 0 - -3. Let g be t(v). Let l = -11 + g. What are the prime factors of l?
11
Let d(k) = -k**3 - 6*k**2 + 16*k + 8. Let z(i) = 13*i**2 - 33*i - 17. Let l(o) = 9*d(o) + 4*z(o). List the prime factors of l(-4).
2, 5
Let o = 120723 - 53886. List the prime factors of o.
3, 22279
Suppose 4*n = -n + 255. Let o(p) = -24*p + 217. Let b be o(7). Suppose -b = -m + n. What are the prime factors of m?
2, 5
Let v(n) = n**3 + 5*n**2 + n - 12. Let x = -39 - -35. Let i be v(x). What are the prime factors of (6 - (-4 + i))*32/5?
2
Let x(k) = -2*k**2 - 25*k - 10. Let w be x(-12). Suppose -3*p - w*p + 2*m = -2026, 5*p + 5*m = 2005. List the prime factors of p.
2, 101
Let p = 90507 - 48696. List the prime factors of p.
3, 7, 11, 181
Let s(a) be the second derivative of 0 + 17/3*a**3 - 1/12*a**4 + 18*a**2 + 40*a. List the prime factors of s(11).
17
Suppose 2*n - 3*w = 6309, -4*n - 27*w + 12642 = -25*w. List the prime factors of n.
3, 13
Let b be 8*(-33)/(-6)*(-3)/(-6). Suppose 10 + b = 2*a. What are the prime factors of (a - 12) + (-1 - -122)?
5
What are the prime factors of 14*3/(-4 - 2) + 685*1?
2, 3, 113
Suppose -4*k = 34 - 6. Suppose -3*j + 21 = -2*j - 2*a, 0 = 4*j - a - 84. Let t = j + k. List the prime factors of t.
2, 7
Suppose 2 + 46 = 24*j. What are the prime factors of j/9*-3 + 509/3?
13
Let m(a) = 3*a + 150 - a - 3*a - 152 - a**3 + 9*a**2. Suppose -20 = -4*j, 4*d - 2*j = 6*d - 22. List the prime factors of m(d).
2, 5
Suppose 0 = -u - 4*w + 3, -4*u - 33*w + 12 = -36*w. Suppose -3*s - 4 + 19 = 0, -3*v + u*s = -2160. What are the prime factors of v?
5, 29
Suppose 469*x = 470*x - 4. Suppose 4*c = -3*g + 1892, 3*c - 2*g + 7*g = 1408. Suppose 6*t - 2*t = -20, -4*u = -x*t - c. List the prime factors of u.
2, 3, 19
Suppose 5*k + 35 = -6*o + o, 0 = 3*k - 2*o - 4. List the prime factors of (-5 - -9) + 510 + (-2)/k.
5, 103
Let h = -281 - -300. Let w(u) = 6*u + 68. What are the prime factors of w(h)?
2, 7, 13
Suppose -21 = 3*n, 2*x + 269*